 be d(14). Calculate the highest common divisor of u and 325.
25
Suppose -s = -f - 4*s - 3, 4*f = 4*s + 52. Suppose -2494*i + 2444*i = -50. Calculate the highest common factor of f and i.
1
Let j = 180 + -128. Let y be ((-65)/j)/(1/36). Let m = y + 65. Calculate the highest common factor of 4 and m.
4
Suppose -3*v + 12 = -33. Let b = 37 - v. Let r = b + -17. Calculate the highest common divisor of 40 and r.
5
Suppose 4*l + 3*l - 35 = 0. Let d be 4/18 + (2120/36)/l. Calculate the highest common divisor of d and 12.
12
Let b = 557 - 284. Calculate the greatest common divisor of 156 and b.
39
Let r be (1/2)/((-3)/(-966)). Let v be 1/6 + r/42. Calculate the greatest common factor of v and 4.
4
Let g be 2*(-263)/(-8) - (-12)/(-16). Calculate the greatest common factor of 5 and g.
5
Let a be (-1)/4 + 172/(-16). Let p(z) = z**3 + 11*z**2 - 4*z - 9. Let k be p(a). Let y = -19 + k. Calculate the highest common divisor of y and 2.
2
Suppose -2*t = 1 + 9. Let a = t - -165. Calculate the highest common factor of 32 and a.
32
Suppose 20 = -5*c + c. Let t be (-6)/(-15) - 3/c. What is the greatest common divisor of t and 2?
1
Suppose -4*f + 26 = -6. What is the greatest common divisor of f and 64?
8
Let q be 1*(-3604)/(-10) + (-6)/15. Suppose 5*l = 240 + q. Calculate the greatest common factor of 15 and l.
15
Let j be (-62)/(-8) + -1 - 24/32. Suppose 3*p + j = 0, -4*f - p + 31 = -f. What is the highest common divisor of f and 88?
11
Suppose -3*r + 119 = -4*x, -5*x = 5*r + 2*x - 130. Suppose 4*a - 4 = -0*a. Suppose -y - a + 23 = 0. Calculate the greatest common divisor of y and r.
11
Let a(j) = 8*j**2 + 4*j - 3. Let n be a(-2). Calculate the greatest common divisor of 105 and n.
21
Let h be 1/1 + (1 - 3). Let i(g) = 4*g**2 - g - 2. Let v be i(h). What is the greatest common factor of 33 and v?
3
Suppose 0 = -3*t + 12 + 12. Suppose 238 = t*v - 122. What is the greatest common factor of v and 30?
15
Suppose 6 + 0 = -3*v. Let l(n) = -3*n**3 - 2*n**2. Let s be l(v). Let r be ((-32)/(-4))/(2/32). What is the greatest common factor of s and r?
16
Let b be 10*(1 + 2/4). Let o(n) = -n + 22. Let z be o(13). Suppose -z = -2*c + 11. Calculate the highest common divisor of b and c.
5
Suppose -3*r + 708 + 66 = 0. Calculate the greatest common factor of 12 and r.
6
Suppose -532 = 3*o - 631. What is the highest common divisor of o and 242?
11
Suppose m + 2 = 0, m = 5*g - g + 370. Let x = g - -103. Let q(b) = 4*b**2 + b - 1. Let l be q(1). What is the highest common divisor of l and x?
2
Suppose -19*k + 14*k = 0. Let t be k + 17 - 3/((-3)/4). What is the highest common divisor of t and 168?
21
Let x(c) = -c**3 - 4*c**2 - 10*c - 64. Let r be x(-5). Let m = 10 + -3. Let j = m + 4. Calculate the greatest common factor of r and j.
11
Suppose 5*m - f + 9 - 135 = 0, 5*f + 84 = 4*m. Let i = 425 - 399. What is the greatest common factor of i and m?
26
Let v = -12941 - -12949. Let a(y) = -y**3 + y**2 + y + 24. Let g be a(0). Calculate the highest common factor of v and g.
8
Suppose -27*m - 5*m + 102 = 6. Let d(z) = -z + 15. Let r be d(0). Calculate the greatest common divisor of m and r.
3
Suppose r - 2*p - 598 = 0, r + 4*p = -0*r + 586. What is the greatest common divisor of r and 22?
22
Let o be (-315)/(-30) + (-2)/4. Let q = o + 305. What is the highest common divisor of q and 35?
35
Let d be (0 + -1)/((-9)/423). Suppose 0 = -5*u - d + 2. Let k be (-1)/(1/1) - u. Calculate the highest common divisor of 8 and k.
8
Let k(r) = 14*r + 441. Let z be k(-29). What is the greatest common factor of 77 and z?
7
Suppose 107 - 15 = 2*c. Let y(b) = b**3 + 33*b**2 - 70*b + 23. Let x be y(-35). Calculate the greatest common divisor of c and x.
23
Suppose 0 = 9*t - 14*t + 205. What is the greatest common divisor of 410 and t?
41
Let i be -2 - (-29 + 0 + 1). Suppose i + 44 = 2*n. Let y = -25 + n. What is the highest common divisor of y and 10?
10
Suppose -2912 = 94*o - 122*o. Calculate the greatest common factor of o and 117.
13
Let q = 164 - 92. Suppose -108 = 2*i - 8*i. What is the greatest common divisor of q and i?
18
Let y(i) = 13*i + 7. Let n be y(5). Suppose -5*q - 16 = -7*q. Calculate the greatest common divisor of q and n.
8
Suppose -883 - 157 = -26*b. Calculate the greatest common factor of 520 and b.
40
Suppose 0 = -5*l + 23 + 57. Suppose -4*c = -17 + 1. Suppose -5*i + 5 = -4*u + 20, 4*u = c*i + l. Calculate the highest common divisor of 25 and u.
5
Let o(i) = 7*i**3 + 2*i**2 - i. Let a be o(1). Suppose -1055 = -a*f + 353. Calculate the highest common factor of f and 16.
16
Suppose -3*i = 12, 4*m - 10*i - 900 = -5*i. What is the greatest common factor of 80 and m?
20
Let u be 3 + 0 - (12 - 1). Let v be 4/u + (-93)/(-6). Let x be ((-10)/(-3))/(1/3). Calculate the highest common divisor of v and x.
5
Let q(d) = -d**3 - 4*d**2 - 5*d - 4. Let z be q(-4). Let m be (-76)/(-6) + 4/(-6). Calculate the highest common divisor of m and z.
4
Suppose 2*a + 60 = 5*a. Let i = 22 - a. What is the greatest common factor of 18 and i?
2
Let r be 22/(-1 + (1 - -1)). Let v(c) = c**3 + 15*c - 27. Let s be v(2). Calculate the greatest common factor of s and r.
11
Let x = 225 + -145. What is the highest common divisor of x and 10?
10
Let h be ((-78)/8)/13 + (-4003)/(-4). What is the greatest common divisor of h and 40?
40
Let a be (9 + -30)*((-4)/(-6))/(-1). Calculate the highest common factor of a and 56.
14
Suppose 0*m - 12 = -2*m. Suppose 4*u = -m*u + 1280. Calculate the greatest common factor of 16 and u.
16
Let x = -4 - -11. Let b(v) be the first derivative of v**4/4 + 3*v**3 + 11*v**2/2 + 7*v + 7. Let i be b(-6). Calculate the greatest common factor of x and i.
7
Let h be (-2*2/10)/((-20)/1700). Let w = 53 - h. What is the highest common divisor of 76 and w?
19
Suppose 5*l + 14*i = 12*i + 81, 4*i - 12 = 0. What is the highest common factor of l and 1065?
15
Let u(q) be the first derivative of q**4/4 + 8*q**3/3 - q**2/2 - 3*q - 35. Let s be u(-3). Let v = -12 - -17. Calculate the highest common divisor of s and v.
5
Let l be -12 - (-119)/7 - -604. What is the highest common factor of 87 and l?
87
Let c be (-1 - (-223)/4)*(-1000)/(-75). What is the highest common factor of c and 10?
10
Let j be (0 + (-2)/6)*99/(-11). Suppose -j*t = -0*t - 21. What is the greatest common divisor of 35 and t?
7
Let n be 3/((483/(-1456))/(-23)). Calculate the highest common divisor of n and 16.
16
Suppose 96*c - 92 = 94*c. Suppose -c + 1 = -3*m. What is the highest common factor of 45 and m?
15
Let c = -938 + 942. Calculate the greatest common divisor of c and 74.
2
Let o = 1 - -15. Suppose 26*s + 96 = 512. What is the highest common divisor of s and o?
16
Suppose 0 = -a + 5*h + 436, 0*h - 2*h - 880 = -2*a. Let s be (1 - a)*(5 - (-44)/(-8)). What is the highest common factor of 44 and s?
44
Suppose -11*t = 40 - 634. What is the greatest common factor of t and 189?
27
Let l(p) = 5*p**2 - 20*p - 24. Let c be l(7). What is the greatest common divisor of c and 45?
9
Suppose -5*w - 40 = -3*g, -5*w + 2*w - 57 = -4*g. What is the highest common divisor of g and 57?
3
Suppose -3*l = -5*s - 66, 5*l + s + 63 = 201. Let c = 63 - l. Calculate the greatest common factor of 72 and c.
36
Let y be 56/(-126)*6/4*3. Let b = 50 + y. What is the highest common divisor of 6 and b?
6
Let a = -235 + 323. What is the highest common factor of 40 and a?
8
Suppose -w = 4*f - 48 - 47, 0 = -5*w + 5*f + 450. Let s = -47 + w. What is the highest common factor of 4 and s?
4
Let h = -21 + -4. Let n = -14 - h. Calculate the greatest common divisor of 55 and n.
11
Let d = -4 + -2. Let u be (3/d)/(1/(-50)). Calculate the greatest common factor of u and 200.
25
Let o be (-3)/(-2)*492/18. Calculate the highest common factor of 41 and o.
41
Suppose 1 = 2*f + 15. Let g(d) = -d**3 + 4*d**2 - 13. Let z be g(-2). Let v = z + f. Calculate the greatest common factor of 20 and v.
4
Let d be ((-253)/(-2))/((-14)/(-168)). What is the highest common divisor of d and 66?
66
Suppose -d + 4*g + 27 = g, 3*d + 2*g = 26. Calculate the greatest common factor of d and 52.
4
Let z(h) = h - 3. Let q be z(3). Suppose -6*s - 8*s = -378. Let d = s - q. Calculate the highest common factor of 27 and d.
27
Let n = 2319 - 2285. What is the highest common divisor of n and 697?
17
Let n(